 divided by 618.
615
Calculate the remainder when 58791 is divided by 57514.
1277
What is the remainder when 18905116 is divided by 2363136?
28
What is the remainder when 15270763 is divided by 97?
53
What is the remainder when 732862 is divided by 30?
22
Calculate the remainder when 271954 is divided by 2175.
79
What is the remainder when 335925 is divided by 335878?
47
Calculate the remainder when 21799 is divided by 10145.
1509
What is the remainder when 25705140 is divided by 3890?
20
What is the remainder when 54366485 is divided by 255?
230
What is the remainder when 3547423 is divided by 1165?
1163
Calculate the remainder when 601199 is divided by 4229.
681
Calculate the remainder when 1321202 is divided by 15911.
589
Calculate the remainder when 12851333 is divided by 28.
5
What is the remainder when 70142051 is divided by 11?
1
Calculate the remainder when 371690 is divided by 15486.
26
Calculate the remainder when 51398 is divided by 6293.
1054
What is the remainder when 21500116 is divided by 110257?
1
Calculate the remainder when 99101205 is divided by 10.
5
What is the remainder when 7900727 is divided by 28?
23
Calculate the remainder when 139301289 is divided by 447.
444
What is the remainder when 276239 is divided by 180?
119
What is the remainder when 18790035 is divided by 47?
46
Calculate the remainder when 1569945 is divided by 3237.
0
What is the remainder when 4281174 is divided by 25?
24
What is the remainder when 1320556 is divided by 6987?
13
What is the remainder when 1299066 is divided by 252?
6
Calculate the remainder when 38902003 is divided by 236.
235
What is the remainder when 2711914 is divided by 2180?
2174
Calculate the remainder when 795077 is divided by 794791.
286
What is the remainder when 1247076 is divided by 623255?
566
What is the remainder when 1229884 is divided by 632?
12
What is the remainder when 51601752 is divided by 13?
7
What is the remainder when 605015 is divided by 1304?
1263
Calculate the remainder when 14704550 is divided by 257973.
89
Calculate the remainder when 35603 is divided by 937.
934
What is the remainder when 215557 is divided by 2911?
143
What is the remainder when 36082 is divided by 17338?
1406
Calculate the remainder when 712321 is divided by 237408.
97
Calculate the remainder when 1262104759 is divided by 1610.
1609
What is the remainder when 11763 is divided by 11085?
678
Calculate the remainder when 646290 is divided by 603.
477
Calculate the remainder when 46040892 is divided by 9208175.
17
Calculate the remainder when 1645171 is divided by 21646.
75
What is the remainder when 44844 is divided by 8908?
304
What is the remainder when 1640353 is divided by 83?
24
What is the remainder when 67982 is divided by 9609?
719
Calculate the remainder when 316197 is divided by 3363.
75
Calculate the remainder when 2923372 is divided by 175.
172
What is the remainder when 162555520 is divided by 292?
288
What is the remainder when 10947209 is divided by 1372?
21
What is the remainder when 116273 is divided by 1006?
583
What is the remainder when 1184591 is divided by 69677?
82
What is the remainder when 2583270 is divided by 56?
46
What is the remainder when 22615240 is divided by 5653789?
84
What is the remainder when 14356690 is divided by 27?
7
What is the remainder when 1568732 is divided by 1685?
1682
What is the remainder when 2398457 is divided by 85616?
1209
What is the remainder when 20403 is divided by 20346?
57
What is the remainder when 547701959 is divided by 14690?
14689
What is the remainder when 126925 is divided by 10520?
685
Calculate the remainder when 643393 is divided by 1776.
481
What is the remainder when 49487867 is divided by 27?
26
Calculate the remainder when 134472357 is divided by 3956.
5
Calculate the remainder when 1679206 is divided by 21526.
178
Calculate the remainder when 2452204 is divided by 1005.
4
What is the remainder when 485649 is divided by 40?
9
Calculate the remainder when 1440949 is divided by 40.
29
What is the remainder when 15683555 is divided by 201071?
17
What is the remainder when 216220 is divided by 9166?
5402
What is the remainder when 7180997 is divided by 224406?
5
What is the remainder when 33096711 is divided by 42?
39
Calculate the remainder when 337106 is divided by 1662.
1382
Calculate the remainder when 2983337 is divided by 28.
21
Calculate the remainder when 3323529 is divided by 150.
129
What is the remainder when 1581377069 is divided by 16?
13
Calculate the remainder when 46697 is divided by 6622.
343
What is the remainder when 19543328 is divided by 688?
0
What is the remainder when 19447373 is divided by 36?
29
What is the remainder when 7403247 is divided by 76322?
13
Calculate the remainder when 204910 is divided by 1220.
1170
What is the remainder when 3916609 is divided by 1020?
829
Calculate the remainder when 2058208 is divided by 1029103.
2
What is the remainder when 11563 is divided by 3617?
712
Calculate the remainder when 164376 is divided by 13652.
552
What is the remainder when 897464 is divided by 382?
146
Calculate the remainder when 511921 is divided by 58.
13
What is the remainder when 64092 is divided by 29597?
4898
What is the remainder when 47639 is divided by 6770?
249
What is the remainder when 44834 is divided by 44528?
306
What is the remainder when 9019290 is divided by 693791?
7
Calculate the remainder when 16438862 is divided by 54.
20
Calculate the remainder when 249941 is divided by 7121.
706
What is the remainder when 145766453 is divided by 14?
7
Calculate the remainder when 222600 is divided by 6625.
3975
Calculate the remainder when 276917091 is divided by 34614635.
11
Calculate the remainder when 1525401 is divided by 18602.
37
Calculate the remainder when 3050126 is divided by 14.
2
What is the remainder when 437587 is divided by 1102?
93
What is the remainder when 603097 is divided by 388?
145
Calculate the remainder when 16891 is divided by 830.
291
What is the remainder when 69732 is divided by 1408?
740
Calculate the remainder when 100920372 is divided by 25.
22
What is the remainder when 13766628 is divided by 246?
222
Calculate the remainder when 1514995 is divided by 6860.
5795
What is the remainder when 510365 is divided by 685?
40
What is the remainder when 110802719 is divided by 980?
979
What is the remainder when 22218 is divided by 3692?
66
What is the remainder when 965500 is divided by 42?
4
Calculate the remainder when 40815248 is divided by 79.
56
Calculate the remainder when 295730 is divided by 282.
194
Calculate the remainder when 1030440 is divided by 1564.
1328
Calculate the remainder when 450953 is divided by 150018.
899
What is the remainder when 10146904 is divided by 228?
220
Calculate the remainder when 719078 is divided by 633.
623
Calculate the remainder when 272496 is divided by 487.
263
Calculate the remainder when 462568 is divided by 9277.
7995
Calculate the remainder when 14450360 is divided by 454.
448
Calculate the remainder when 5245349 is divided by 864.
5
Calculate the remainder when 311732 is divided by 185.
7
What is the remainder when 5353414 is divided by 168?
94
What is the remainder when 3802266 is divided by 1423?
10
What is the remainder when 653933 is divided by 326863?
207
What is the remainder when 137743794 is divided by 5239?
6
What is the remainder when 19709083 is divided by 42?
37
What is the remainder when 339502 is divided by 48402?
688
What is the remainder when 90125 is divided by 42085?
5955
Calculate the remainder when 1347540 is divided by 673625.
290
What is the remainder when 3389611 is divided by 70616?
43
Calculate the remainder when 19367541 is divided by 168.
165
What is the remainder when 89113 is divided by 1175?
988
Calculate the remainder when 1486926 is divided by 8494.
476
Calculate the remainder when 1523518 is divided by 368.
366
What is the remainder when 1695279 is divided by 1478?
13
What is the remainder when 19699 is divided by 3654?
1429
What is the remainder when 262923 is divided by 1590?
573
What is the remainder when 193218499 is divided by 12?
7
Calculate the remainder when 9066386 is divided by 1295198.
0
Calculate the remainder when 292185 is divided by 14.
5
Calculate the remainder when